ded by p.
3
Let r(n) = 21*n**3 + 1. Let k = 16 - 8. What is the remainder when r(1) is divided by k?
6
Calculate the remainder when (-5)/((-10)/6)*(-327)/(-9) is divided by 37.
35
What is the remainder when 0 + 9/((-9)/(-10))*5 is divided by (-24)/(-2) + (-1 - -2)?
11
Let x(y) = -5*y + 57. What is the remainder when x(0) is divided by 29?
28
Suppose -5 = 4*a - 69. What is the remainder when 61 is divided by a?
13
Let u(c) = -73*c**3 - 3*c - 2. What is the remainder when u(-1) is divided by 25?
24
Let x = 64 - 42. Suppose 5*v - 3*o - x - 23 = 0, -2*v - 3*o = 3. What is the remainder when 11 is divided by v?
5
Let x(l) = 3*l - 16. Let s be x(-9). Let n = -18 - s. What is the remainder when 72 is divided by n?
22
Calculate the remainder when 29 is divided by (-8)/(-36) - (-350)/45.
5
Suppose u - 2*v - 1 = 0, -5*v + 3 = -2. Calculate the remainder when 1 - ((-64 - u) + -3) is divided by 24.
23
What is the remainder when (-2)/1 - (-57 + -2) is divided by 29?
28
Suppose 2 = -2*k, 0 = 2*f + 5*k - 2*k + 13. Let n = f + 30. What is the remainder when n is divided by 7?
4
Suppose 5*b - 4*a - 105 = 0, 3*b - 42 = b - a. Let h = 34 - b. What is the remainder when 37 is divided by h?
11
Let i(u) = u**3 - 14*u**2 + 13*u + 5. What is the remainder when 7 is divided by i(13)?
2
Let b(l) = -l**2 + 9*l - 3. Let n be b(8). Suppose -n*m + 42 + 65 = 3*p, 4*m - 91 = 3*p. Calculate the remainder when m is divided by 8.
6
Let p(w) = 17*w - 2. Let t be p(3). Suppose 43 = 3*h + 7. Let g = t - h. Calculate the remainder when g is divided by 13.
11
Let u = -5 + 5. Suppose -4 = -m - u. Suppose -8 - 14 = -2*y. What is the remainder when y is divided by m?
3
Let o = 11 - -107. Calculate the remainder when o is divided by 30.
28
Calculate the remainder when 28 is divided by 3*20/12*2.
8
Let n = 2 - 10. Let k(r) = 3 - 10*r - r**3 - 10*r**2 + r**2 + 6. Calculate the remainder when k(n) is divided by 9.
7
Let v = -4 - -6. Suppose -t = -5*h - 23, -4*h = -2*t - 3*t + 10. What is the remainder when (9/15)/((-1)/h) is divided by v?
1
Let b = 44 - 25. Calculate the remainder when 73 is divided by b.
16
Calculate the remainder when 17 is divided by 17/3 + 2/(-3).
2
Suppose -5*a + 139 + 10 = 4*o, -2*o + 37 = -5*a. What is the remainder when o is divided by (108/9)/((-6)/(-4))?
7
Let z = -17 + 30. Calculate the remainder when 50 is divided by z.
11
Let y = 22 - 11. What is the remainder when 43 is divided by y?
10
Suppose 4*b + 34 = 5*b. Calculate the remainder when b is divided by 13.
8
Suppose 0 = 7*p - 118 - 64. What is the remainder when p is divided by 7?
5
Let i be 1554/30 + (-2)/(-10). Suppose -5*y = -i - 73. What is the remainder when 48 is divided by y?
23
Let l = 34 + -20. Let z = 44 - l. Suppose 4*c = -c + z. Calculate the remainder when c is divided by 4.
2
Let a = -31 + 65. What is the remainder when a is divided by (-50)/(-4) + 2/(-4)?
10
Calculate the remainder when (2 - (-3)/(-1))*(-17 - 1) is divided by 5.
3
Let n(h) = -9*h**3 - h - 1. Calculate the remainder when 24 is divided by n(-1).
6
Let c = -1 + 1. Let t be (-14)/(-3) + 2/(-3). Suppose -i + t = -c. Calculate the remainder when 7 is divided by i.
3
Suppose 2*c + 2*c + s = 45, -2*c - s = -25. Calculate the remainder when (2 - 3/1)*-19 is divided by c.
9
Let z(k) = k + 4. Suppose 0 = -62*i + 60*i + 14. What is the remainder when i is divided by z(0)?
3
Let s(m) = -3*m**3 + 2*m**2 - 1. Let y be s(-1). Suppose -y*a + 11 = -17. Calculate the remainder when 18 is divided by a.
4
Let z = -61 + 86. What is the remainder when 7 is divided by (-20)/z*5/(-2)?
1
Let w = -20 + 34. Let i = 43 - w. What is the remainder when i is divided by 15?
14
Suppose -2*c = 3*c - 10. Calculate the remainder when 4/(c - -2) + 33 is divided by 9.
7
Calculate the remainder when (11/(-22))/(1/(-116)) is divided by 25.
8
Let t be (-3 + 0 + -88)/1. Let f = -42 - t. Calculate the remainder when f is divided by 13.
10
Let s = -60 + 77. Let x be (-8)/10*5/(-2). Let b(l) = 11*l**2 + 2*l + 1. What is the remainder when b(x) is divided by s?
15
Let n(r) = r**3 + 7*r**2 - 3*r - 9. Let l be n(-7). Let c = l + -7. What is the remainder when 9 is divided by c?
4
Let t(g) = g**2 - g + 1. Let p be t(2). Suppose -3*y = -p*z + 21, -z + 2*y = -3*z + 26. Calculate the remainder when z is divided by 6.
4
Let b be (-2)/(-8) - 225/4. Suppose -4*m = -0*m - 3*l + 165, -m - 33 = 2*l. Let y = m - b. What is the remainder when 50 is divided by y?
16
Let s = 32 - -14. What is the remainder when 228 is divided by s?
44
Suppose -9 = -l + 2*w - 2, 5*l + 4*w - 49 = 0. Calculate the remainder when 31 is divided by l.
4
Let m(z) = -z + 4. Let o be m(0). Suppose 21 = 5*w - o. Suppose 5*r + 114 = 3*j + j, 0 = -w*j + 2*r + 134. What is the remainder when j is divided by 9?
8
What is the remainder when 2 + 4/4*-1 - -34 is divided by 6?
5
Suppose -5*i - 29 + 114 = 0. What is the remainder when i is divided by 6?
5
Let u(b) = 11*b + 1. Calculate the remainder when u(7) is divided by 10.
8
Suppose 5*u = 122 + 18. Suppose -5*k + 63 - 1 = 2*z, -3*z + 67 = k. Let g = u + z. Calculate the remainder when g is divided by 25.
24
Let b(h) = h**3 + 5*h**2 - 8*h - 8. Let c be b(-6). Suppose 0 = 6*v - 40 + c. Let x(q) = -5*q + 2. What is the remainder when x(-4) is divided by v?
4
Suppose 3*w = -v + 25, -5 = 3*w + 1. What is the remainder when v is divided by 8?
7
Suppose 3*w - 51 = 57. Suppose -2*h - h = -w. What is the remainder when (-3)/15 + (-176)/(-5) is divided by h?
11
Suppose 1 - 5 = -h. Let o(u) = u**3 + 7*u**2 + 6*u + 3. Let c be o(-6). Suppose -f + c*f = 22. What is the remainder when f is divided by h?
3
Let j = 6 - -14. Let p = -15 + 22. What is the remainder when j is divided by p?
6
Let q be ((-6)/5)/((-8)/(-20)). Let t = q + 3. Suppose -5*b + 180 = -4*w - w, -2*b + w + 77 = t. Calculate the remainder when b is divided by 21.
20
Let a = 0 - 0. Let n(p) = -p**2 - p + 8. What is the remainder when n(a) is divided by 5?
3
Suppose 61 - 25 = b. Calculate the remainder when b is divided by 13.
10
Suppose 5*m = -6 - 19, 5*m = u - 31. Calculate the remainder when 23 is divided by u.
5
Let g = -7 + 11. Calculate the remainder when 2/(-6) + 19/3 is divided by g.
2
Let x be (-14)/21*27*-3. Suppose -r + x = r. What is the remainder when r is divided by 7?
6
Suppose 8*h = h + 294. Suppose 2*d + 4 - 10 = 0. Suppose -w + d*w = h. Calculate the remainder when w is divided by 11.
10
Let l = -6 - -8. Suppose d - 6 = -l*t + t, 2*t + 4*d = 10. What is the remainder when t is divided by 5?
2
Suppose -3*w + 24 = w. Let i be -1*(-1 + 4 + -1). Calculate the remainder when (2 - i)/((-5)/(-20)) is divided by w.
4
Suppose 4*j = 8*j + 68. Let z = -14 - j. Let c(p) = 3*p**2 + p - 1. Calculate the remainder when z is divided by c(1).
0
What is the remainder when 2 + 1 + 13 + -1 is divided by 6?
3
Let r(g) = -19*g - 1. Let d be r(-1). Let h = d + -16. What is the remainder when 7 is divided by h?
1
Let o = -59 - -112. Calculate the remainder when o is divided by 11.
9
Suppose 4*j - 16 = 2*o, 20 = 8*o - 13*o. What is the remainder when j is divided by 3/9 - 6/(-9)?
0
Let j(p) = -5*p + 2. Suppose 9 = 5*t - 3*i, i - 14 = -0*t - 4*t. Let r = -5 + t. What is the remainder when 22 is divided by j(r)?
10
Suppose -z = -6 - 0. Suppose 2*t = 5*f - 9, z*f + 3*t - 24 = f. Let p = 12 - 5. What is the remainder when p is divided by f?
1
Let r(l) = l**3 + 4*l**2 - 6*l - 3. Let i be r(-5). Suppose 0 = -2*h - i*h + 60. Suppose h + 9 = 2*m. Calculate the remainder when 23 is divided by m.
11
Suppose 7 = d + z, -38 = -d - d + 4*z. Suppose -2*m - 4*r = -26, -4*r = -0*m - 3*m - d. Calculate the remainder when m is divided by 3.
0
Let q(h) = h**2 - 6*h - 12. Let z be q(10). Suppose -3*r = -8*r + 2*t + 47, 0 = -4*r + 4*t + z. Calculate the remainder when 31 is divided by r.
9
Let t(l) be the third derivative of -l**4/6 - l**3/3 - 2*l**2. Calculate the remainder when t(-7) is divided by 14.
12
Suppose 0 = -2*k + k + 3. Suppose 4*i - 4*h + 13 = 45, k*h - 12 = 0. Let c(o) = 2*o + 1. What is the remainder when i is divided by c(3)?
5
Suppose 3*i + 14 = 4*u, -i = 5*u - 14 - 13. Suppose -4*r + 16 = -i*r. What is the remainder when 15 is divided by r?
7
Let j = -11 + 14. Suppose -6 = -u - u, 3*u = j*k - 21. What is the remainder when